2052
In base 11, what is 382569a + -12?
3825688
In base 15, what is 5a7de + -3?
5a7db
In base 2, what is 10 - 100111000011000110101?
-100111000011000110011
In base 5, what is -130033442210 - 2?
-130033442212
In base 6, what is 1551501 - 51455?
1500002
In base 16, what is -15700 + -2e94?
-18594
In base 9, what is -334 - -75317?
74873
In base 16, what is 5f423 - -a?
5f42d
In base 2, what is 10111110101 + 1111011110110?
10010011101011
In base 14, what is c0c3 + 2c7?
c3aa
In base 7, what is -63 - -4253220?
4253124
In base 15, what is 817a7a0 - 4?
817a79b
In base 8, what is 17 - -13205235?
13205254
In base 5, what is -10 + 2122220321?
2122220311
In base 6, what is 15231 + 4101401?
4121032
In base 14, what is 131045ac0 + -2?
131045abc
In base 4, what is 11211130301 + -21?
11211130220
In base 3, what is 211020000012112 - 12?
211020000012100
In base 4, what is 122131101002 - 11?
122131100331
In base 8, what is -2 - 17212153?
-17212155
In base 15, what is 166c1c7 + -4?
166c1c3
In base 13, what is -75 + -1a958b?
-1a9633
In base 10, what is -4 + 53307114?
53307110
In base 5, what is -12222430402 - 10?
-12222430412
In base 5, what is 23144210 + -13?
23144142
In base 10, what is 0 - 26425150?
-26425150
In base 11, what is 28 - 246332?
-246305
In base 9, what is -365141 + 163?
-364867
In base 8, what is -25216307 - -125?
-25216162
In base 6, what is -430133031 - 0?
-430133031
In base 4, what is -3303131 - -11211330?
1302133
In base 9, what is -4 - 70221867?
-70221872
In base 10, what is -9376659 + 1?
-9376658
In base 12, what is 181728 - -5?
181731
In base 9, what is -2 - 46576510?
-46576512
In base 12, what is -2296736 - 4?
-229673a
In base 3, what is -11210 - -10000101000?
10000012020
In base 9, what is -2407111 + 1?
-2407110
In base 2, what is 1011001000111011011010 - 10?
1011001000111011011000
In base 11, what is 3a35559 - -4?
3a35562
In base 8, what is 3045463 - 17?
3045444
In base 3, what is -201022 - 111211101?
-112112200
In base 5, what is -1130241 - 11002?
-1141243
In base 4, what is 2010 + -3013003201?
-3013001131
In base 2, what is 101 - -1001101010011110011010?
1001101010011110011111
In base 7, what is 116 - 1653035?
-1652616
In base 10, what is -5397 + 223?
-5174
In base 9, what is 1810 - -1447207?
1450117
In base 7, what is 0 - 615353212?
-615353212
In base 16, what is 4a2 + -6af?
-20d
In base 7, what is -1036 + -12444?
-13513
In base 9, what is 0 - -20264146?
20264146
In base 15, what is 9aa677 + 18?
9aa690
In base 8, what is -5 - -32434602?
32434575
In base 12, what is -807a8 + -2?
-807aa
In base 11, what is -29 - 91457a?
-9145a8
In base 11, what is -9699 + -3875?
-12463
In base 11, what is 1a9 + -11155?
-10a57
In base 5, what is -1302 - 10313301?
-10320103
In base 8, what is -14 - -2017556?
2017542
In base 8, what is -4 + 24101631?
24101625
In base 11, what is -20674a2 + -30?
-2067522
In base 2, what is 10100000000010010011001000111 - 101?
10100000000010010011001000010
In base 16, what is -365f + -eb3?
-4512
In base 12, what is 128b207 + 0?
128b207
In base 2, what is -1011111010 + 1101000?
-1010010010
In base 3, what is -102 + 2122012120221022?
2122012120220220
In base 9, what is -3725 - 248070?
-252805
In base 11, what is 2aa3 - -38256?
40249
In base 7, what is -31663 - 3263?
-35256
In base 11, what is 2427a4 + 90?
242884
In base 2, what is -1001010010111101001111000 - 101?
-1001010010111101001111101
In base 4, what is 112313210 - 102?
112313102
In base 2, what is 11 - 100101001111011111111100?
-100101001111011111111001
In base 11, what is -12 - -2101a00?
2101999
In base 11, what is 1 + -666376?
-666375
In base 10, what is 5 + -1956759?
-1956754
In base 10, what is 20537384 - 0?
20537384
In base 5, what is -3 - 311223001?
-311223004
In base 16, what is -124 - -9dbf?
9c9b
In base 14, what is -10731c6 + 4?
-10731c2
In base 4, what is 1011222 + 3033?
1020321
In base 2, what is 10001011 - 110001101111010?
-110001011101111
In base 2, what is 1000100101110000100001 + 100101?
1000100101110001000110
In base 8, what is -12712742 + 4?
-12712736
In base 13, what is 716ac - -27c?
7195b
In base 12, what is -4324 + 64?
-4280
In base 8, what is 350 - -332613?
333163
In base 14, what is -146 - -ac3d?
aad7
In base 7, what is -1 + 222562245?
222562244
In base 5, what is 1104022 - 31?
1103441
In base 4, what is 13001110120 - 13?
13001110101
In base 2, what is -11100101 + 101010100010010?
101010000101101
In base 6, what is 3 - 1515510344?
-1515510341
In base 2, what is 100100010100 + 10100010001010001?
10100110101100101
In base 15, what is 0 + 3ee24d?
3ee24d
In base 15, what is 80 - -57d19?
57d99
In base 5, what is 10123234 - 3102?
10120132
In base 4, what is 120303213232 + 110?
120303220002
In base 16, what is -1a + -3884ad?
-3884c7
In base 8, what is -7 - 37326235?
-37326244
In base 7, what is -1 - -362230166?
362230165
In base 2, what is 10010011000000011100 + -10111?
10010011000000000101
In base 5, what is 303031113 - 1?
303031112
In base 13, what is -328a - 497?
-3754
In base 10, what is 176052 - -5410?
181462
In base 2, what is -110011111011001110 - -100110101?
-110011110110011001
In base 7, what is -5201 + 2336?
-2532
In base 7, what is -235 - -14022000?
14021432
In base 10, what is -658972 - -400?
-658572
In base 12, what is -569 - -6a12?
6465
In base 13, what is -4 + -64c230?
-64c234
In base 12, what is a10551 - -3?
a10554
In base 14, what is 26731 + -28a?
26485
In base 7, what is -3131345 + -300?
-3131645
In base 16, what is c - 1611c1?
-1611b5
In base 10, what is 1376 + 3025?
4401
In base 2, what is 10010101 - -1101000011010010010101?
1101000011010100101010
In base 14, what is -99cb + d2?
-98d9
In base 2, what is -1000110010111101110010 + 110?
-1000110010111101101100
In base 5, what is 101 - 13022321?
-13022220
In base 9, what is 0 - -17601506?
17601506
In base 4, what is 31131113320 + -210?
31131113110
In base 14, what is -117 + -208284?
-20839b
In base 8, what is -16441 + -30413?
-47054
In base 14, what is 6d39 + -321?
6a18
In base 11, what is -934a2 + -27?
-93519
In base 15, what is 1 + badda68?
badda69
In base 5, what is -2424 + -343124?
-401103
In base 8, what is 1033 + -53037?
-52004
In base 16, what is -13c - 23f4?
-2530
In base 6, what is -100 + -4122250?
-4122350
In base 14, what is 5a2547 - 4?
5a2543
In base 2, what is 1011101101010111100001 - -100?
1011101101010111100101
In base 4, what is -11 + 11132332113002?
11132332112331
In base 12, what is -58034 - -1585?
-5666b
In base 11, what is 5 + 1861350?
1861355
In base 5, what is 1100111 + -124?
1044432
In base 16, what is 5ca + -39927?
-3935d
In base 5, what is -41240 - 133211?
-230001
In base 8, what is 273 + -444716?
-444423
In base 9, what is -123571 - 675?
-124356
In base 7, what is -145316 - 44044?
-222363
In base 6, what is -153233204033 + -2?
-153233204035
In base 11, what is 526 + 10912?
11338
In base 7, what is 55553 - -20240?
106123
In base 4, what is -11 - -1121031331330?
1121031331313
In base 11, what is -1937a07 - 354?
-1938260
In base 4, what is 1212030 + -12001?
1200023
In base 10, what is -3 + -3087457?
-3087460
In base 13, what is -363ab48 + 1?
-363ab47
In base 4, what is -20132032101 + -1?
-20132032102
In base 12, what is -900 + 24ab?
17ab
In base 4, what is 1003 + 113301022?
113302031
In base 6, what is 132 - 3032253?
-3032121
In base 14, what is 9c57 + 51?
9ca8
In base 8, what is -322767355 - 24?
-322767401
In base 9, what is -25 - -22878606?
22878571
In base 9, what is -57318157 + 1?
-57318156
In base 7, what is -3 - -2063406?
2063403
In base 3, what is -1201011022100011 + -10?
-1201011022100021
In base 3, what is 20210001 - -1111221021?
1202201022
In base 4, what is 330010003 + 1223?
330011232
In base 16, what is 1 + 1236f5d?
1236f5e
In base 9, what is 36 + -556522?
-556475
In base 3, what is 11110001020002 + 102?
11110001020111
In base 13, what is 149 - -5147?
5293
In base 14, what is 26ca3 - -4d?
26d12
In base 4, what is -31013 - 2213132?
-2310211
In base 10, what is -4231 - 361?
-4592
In base 15, what is 7d2 - -d083?
d865
In base 13, what is 14293 + -210?
14083
In base 14, what is 51 - 6a388?
-6a337
In base 15, what is -2 - -119bc64c?
119bc64a
In base 12, what is 1a57b16 - -12?
1a57b28
In base 3, what is -22101200202101 - 0?
-22101200202101
In base 9, what is 